ppose 3*d = 11 + 4. Suppose -z + k + 1 = 0, -1 = -0*z - 3*z + d*k. Suppose 2*h + z*h - 24 = 0. Is h a prime number?
False
Let t(b) = -b**2 + 11*b + 1. Is t(9) a composite number?
False
Suppose 633 = 5*b + w, -2*w = 2*b - 6*w - 262. Let t = b - 12. Is t a prime number?
False
Suppose j - 2 = -1. Let y(d) = 210*d**3 + 2*d**2 - d. Is y(j) a prime number?
True
Suppose -i = -2*s + 426, 4*i - 186 = -2*s + 220. Is s prime?
True
Let l(r) = r**2 - 8*r - 5. Let t(o) = o**2 - 7*o - 5. Let y(f) = -2*l(f) + 3*t(f). Suppose -m = m + 2*j + 18, -m - 5 = -j. Is y(m) a prime number?
True
Let v = 5 + -1. Let d = 8 - v. Let h(b) = b**3 + b**2 - 2*b + 5. Is h(d) a composite number?
True
Suppose 3*m + 36 = -3*j, -5*j + 2*m - 106 = -39. Is (-1185)/j - 6/39 prime?
False
Suppose 15*l - 16*l + 445 = 0. Is l a composite number?
True
Suppose 0 = 3*s - 2*m - 435, -5*s + 4*m + 451 = -276. Is s a prime number?
False
Let y be 2/(2 - 4) - 93. Let k be (-3)/((-9)/210) + -3. Let b = k - y. Is b a composite number?
True
Is (33/99)/(((-2)/12462)/(-1)) composite?
True
Suppose -7*m + 7932 = -10639. Is m a composite number?
True
Let b(v) = -v**3 + 3*v**2 + v - 4. Is b(-5) prime?
True
Let x(t) = t - 2. Let k be x(5). Suppose -h + 0 + 1 = s, s = k*h - 19. Suppose -h*y + 3 + 27 = 0. Is y composite?
True
Let x(f) = -f**3 - 20*f**2 - 5*f + 49. Is x(-20) a composite number?
False
Let p(f) = 0 - 1 + 26*f + 0 + 0. Is p(3) a composite number?
True
Let k = 217 - -25. Suppose -s - 20 + 94 = 3*f, k = 3*s + 5*f. Is s composite?
False
Is (-6 - -1)/((-1)/179) + 0 prime?
False
Let y be (-6)/4*(-172)/3. Let o(j) = -j**3 - 6*j**2 + 10*j + 5. Let r be o(-8). Let w = y - r. Is w a composite number?
True
Suppose 2*l - 3 = 1. Suppose d + n = 1, 3*d + 19 = l*d - 5*n. Suppose b = d*b - 55. Is b prime?
True
Suppose 52 + 230 = 2*p. Is p a composite number?
True
Suppose 2*f - k + 2*k = 1953, -2*f + 4*k + 1958 = 0. Is f a prime number?
True
Let t be -107*2/(-2 - 0). Let k be (-1)/(-1 - (-8)/10). Suppose 3*c = -k*s + s + 62, 5*c + 3*s = t. Is c a composite number?
True
Suppose 4*s - 558 = -c + 476, -2*s - 3*c + 512 = 0. Is s a prime number?
False
Suppose 0 = -10*x + 1037 + 293. Is x a composite number?
True
Let m = 14 + -5. Let d(b) = 13*b + 4. Is d(m) a composite number?
True
Let u be ((-2)/(-1))/((-2)/208). Let y = u + 297. Is y prime?
True
Let c(h) = h**3 - 5*h**2 + h - 2. Let j be c(5). Let b be (1 - j) + 1 + 4. Suppose z - 458 = -5*i - 63, -237 = -3*i - b*z. Is i prime?
True
Let s(g) = -g**3 + 7*g**2 + 10*g - 7. Let m be s(9). Suppose x + 75 + 352 = -3*j, 4*x = 5*j + 740. Let y = m - j. Is y composite?
True
Suppose -3*t + t = -180. Let q = -39 + t. Is q composite?
True
Suppose 3*p + 16 = -2. Is (-6)/(-4)*(-172)/p prime?
True
Let s(j) = 17*j**2 + 2*j - 2. Is s(4) a prime number?
False
Let u(v) = v**3 - 12*v**2 + 13*v - 9. Let y(a) = -10*a + 1. Let q be y(-1). Is u(q) prime?
True
Is 97702/55*15/6 prime?
True
Let l = -4 + 11. Is (-2)/7 + 408/l prime?
False
Suppose -5*g - 5*c + 20 = 0, 20 = -0*g + 3*g - c. Suppose 6 = 4*l - g. Suppose -4*n + 224 = -0*n + 3*p, 0 = -2*n - l*p + 118. Is n a composite number?
False
Suppose 0*p + 413 = p. Is p a composite number?
True
Let i(f) = -4*f**3 - 4*f**2 - 5*f - 4. Suppose 2*v - 3 = 1. Suppose j + v*l = 1, 0 = 2*j - 5*l + 2*l + 12. Is i(j) prime?
True
Let a be 24/(-18)*9/(-2). Is 2056/10 + a/(-10) prime?
False
Let h(y) = -3*y**3 + 3*y**2 + 7*y. Is h(-5) prime?
False
Suppose f + p - 1 + 2 = 0, 0 = -f + 2*p - 4. Let y be (6/(-4))/((-1)/f). Is 2 - -1*(2 - y) composite?
False
Let z be (15/(-9))/((-2)/6). Suppose 0 = -z*d - 0*d + 4*u + 101, 0 = 5*d + 3*u - 108. Is 14/d + 43/3 a prime number?
False
Let t = -55 - -18. Let m(d) = d - 7. Let k be m(-8). Let r = k - t. Is r prime?
False
Suppose 0 = r - 5*r + 2*i + 790, -4*r + 793 = -3*i. Let y = -121 + r. Suppose -2*q = 3*c - 35 - 32, -2*q + y = -5*c. Is q a composite number?
True
Let z = 0 - -2. Suppose 0 = -5*i - 4*y + 708, 4*i + 2*y - 282 = z*i. Let p = -87 + i. Is p prime?
False
Suppose -436 = -4*z + 2*z. Suppose 4*o - z - 442 = 0. Suppose 2*x = 23 + o. Is x a composite number?
True
Is ((-135)/6 + -4)*-6 a prime number?
False
Suppose 12 = -5*z + 32. Let t(n) = -2*n - z*n - 3 - 9*n. Is t(-6) composite?
True
Let o = 61 + 202. Is o a composite number?
False
Suppose -2*w = 3*w + 315. Let t = w - -102. Is t composite?
True
Let i(s) = s**3 - 6*s**2 - 7*s + 11. Suppose 4*d - 5*p - 32 = -0*d, 8 = d - 3*p. Is i(d) composite?
False
Suppose -y + 5*y - 1028 = 0. Is y prime?
True
Suppose -5*p = -x - 20, 2*p - 4*x = 6 + 2. Let d be (p/10)/((-4)/20). Is (1 - 0) + d + 15 a prime number?
False
Let s(v) = -v**2 + 9*v + 1. Let g be s(9). Is (-127)/(-1 + g + -1) a prime number?
True
Let x be (-66)/8 - 3/(-12). Is (-4)/x*-2 - -72 a composite number?
False
Let v(y) = 3*y**2 - 5*y + 2. Let w be v(5). Let p = 80 + -43. Let n = w - p. Is n composite?
True
Let w(s) = s + 5. Let h be w(0). Let v = h - 3. Is v/8 + (-182)/(-8) prime?
True
Let t be -1 + ((-1)/1)/(-1). Suppose -4 = u - 7. Suppose 5*h = h - 4*b + 136, t = h + u*b - 40. Is h composite?
False
Let n(u) = u**2 + 4*u - 3. Let o be n(-5). Let t(p) = 4*p**2 - 7*p + 7. Let q(d) = -3*d**2 + 8*d - 7. Let g(s) = o*t(s) + 3*q(s). Is g(7) prime?
False
Suppose 4*x = 2*x + 8. Suppose 0 = x*p - 12 + 4. Suppose s - 17 = p*h, -2*s - 32 = -6*s - 4*h. Is s a prime number?
True
Let b(v) = -28*v**2 - 2*v. Let u be b(2). Let i = u + 265. Is i composite?
False
Let i(q) = 3*q + 1. Let o(s) be the third derivative of s**6/120 - s**5/10 + s**4/3 - 7*s**3/6 + 2*s**2. Let n be o(5). Is i(n) prime?
False
Suppose 64 = -n + 453. Is n a composite number?
False
Let o(c) = 237*c - 4. Is o(1) composite?
False
Let o = -8 - -11. Suppose 0 = o*h - 2*h - 50. Let w = 85 - h. Is w prime?
False
Let s = 745 + -510. Is s prime?
False
Let x(n) = -n**2 - n + 34. Let s be (3/(-2) - -1)*0. Let l be x(s). Let v = -23 + l. Is v a composite number?
False
Suppose h - 3 = -2. Is 0/h + 314/2 a composite number?
False
Suppose 6*g + 66 = 8*g. Is g a prime number?
False
Let w(z) be the third derivative of z**5/3 - z**4/4 + z**3/3 + 2*z**2. Let x(t) = 10*t**2 - 3*t + 1. Let r(c) = -2*w(c) + 5*x(c). Is r(2) a composite number?
True
Let c(l) = -49*l**2 - l + 1. Let p be c(1). Is (-16233)/p + (-4)/14 prime?
True
Is 0 - -1 - (-4 - 180) a composite number?
True
Let b be -870 + 6*(-2)/(-6). Let m = b + 1545. Is m a composite number?
False
Let g(v) = v**2 + 7*v + 5. Let c be g(-6). Is (0 + c)/((-3)/39) composite?
False
Suppose -23 + 3 = -5*g. Suppose 5*p = k + 25, -3*p + 2*k + 15 = g*k. Suppose 5*u + 3*m - 32 = 4*u, 0 = p*u - 3*m - 124. Is u a prime number?
False
Is (14/(-21))/(6/(-1467)) a composite number?
False
Let a be (-3)/6 + 5/2. Suppose -a*v = 4*t - 12, -4*v + t = 2*t - 38. Suppose 3*l - 63 = -3*w, 0 = -6*l + l + v. Is w a composite number?
False
Let v(i) = 6*i**3 + i**2 - i. Let w be v(1). Is w/9 + (-379)/(-3) composite?
False
Let h = 180 - -398. Suppose -m + h = 2*a - a, -2321 = -4*m - a. Is m prime?
False
Let v(j) = -4 - 7*j - 21*j - j. Is v(-3) composite?
False
Let j = 7 - -48. Is j prime?
False
Suppose -4*o + 356 = -296. Is o a composite number?
False
Let t(n) = -n**3 + 15*n**2 + 22*n + 10. Is t(16) a composite number?
True
Is (-337905)/(-54) - 1/2 composite?
False
Let v = 0 - -3. Suppose -p + 2*p - 17 = 0. Suppose -v*m + p = -13. Is m a composite number?
True
Suppose -u - 19 = -4*v, -5*v = 4*u - 10 + 2. Suppose 5*l + v*g = -0*g + 737, -3*l + 449 = -g. Is l prime?
True
Let c(j) be the first derivative of -6*j - 1 - 1/4*j**4 - j**3 + 5/2*j**2. Is c(-5) a composite number?
False
Let y = 615 + -164. Is y prime?
False
Suppose 0 = -s - 3*s + 3368. Let v = -469 + s. Is v composite?
False
Suppose -4*b = 7*v - 2*v - 4982, 0 = 3*v - b - 2996. Is v a composite number?
True
Let t(n) = -33*n + 2. Let l be t(-2). Suppose 272 = 4*h + 4*v - l, 4*v = 8. Is h a composite number?
False
Let s be 302*(2 + 6/(-4)). Suppose 3*k + s = -5*i, -i + 4*i + 99 = -2*k. Is (51/6)/((-3)/k) prime?
False
Suppose 3*d + i - 1439 = 0, -4*i + 3*i + 960 = 2*d. Is d prime?
True
Is (-3)/5 - (-92508)/30 a composite number?
False
Let o be 2*(-2)/((-4)/3). Suppose -o*s + 289 + 266 = 0. Is s a composite number?
True
Let j(y) = y**3 - 9*y**2 + 13. Let t = -6 - -16. Is j(t) prime?
True
Le